 be ((-4)/(-14))/((-5)/(-35)). Suppose o*a + 210 = 5*a. Suppose -4*w + 14 + a = 0. What is the units digit of w?
1
Suppose 5*m + 59 = -101. Let d = -22 - m. What is the units digit of d?
0
Let v = 76 + -65. What is the tens digit of v?
1
Let t(z) = -2 + z**3 - z + z**3 - 5*z**2 - 3*z**3. Suppose 3*u + 5*p = 0, 5*p - 21 = 5*u + 19. What is the units digit of t(u)?
3
Let z(a) = 4*a**3 + a**2 + 2*a + 1. Let x be z(-1). Let j(q) = -q**3 - 2*q**2 + 3*q - 5. What is the tens digit of j(x)?
1
Let x be 40 - 6/(-9)*3. Suppose -x = p - 3*p. What is the tens digit of p?
2
Let l be 58/4 - (-9)/18. Let j be (-34)/6 + (-5)/l. Let n = j - -24. What is the tens digit of n?
1
Let o(x) be the first derivative of -3*x**2 - 3*x - 1. Let b be o(-2). Suppose 2*l = 2*r + 28, 4*l - 5*r - b - 52 = 0. What is the units digit of l?
9
Suppose -3*h = -2*h + 4*u - 87, -89 = -h - 5*u. What is the units digit of h?
9
Suppose 12 + 16 = 4*n. Suppose -12 = 4*q - n*q. What is the units digit of q?
4
Suppose -6*b = -b. Suppose h = -b*h + 3. Suppose 5*r - h*y - 17 = 0, r - 5*y - 25 = -4*r. What is the units digit of r?
1
Suppose 6 = 2*g + g. Suppose g*i - 6 = i. What is the units digit of i?
6
Let o be 0 + -2 + 2 + 2. Suppose 4*g - g + 2*w - 9 = 0, -6 = -o*g + 4*w. Suppose -10 = g*p - 40. What is the units digit of p?
0
What is the hundreds digit of 26/117 + (-2570)/(-18)?
1
Let s = -14 + 42. What is the tens digit of s?
2
Let n(u) = 8*u - 4*u - 11 - 6*u. What is the units digit of n(-8)?
5
Suppose 0 = z + 2*z. Suppose z*y = y - 10. What is the tens digit of y?
1
Suppose 0 = 4*f - 227 - 33. What is the units digit of f?
5
Let x = -5 - -14. Let k = -5 + x. What is the units digit of k?
4
What is the units digit of 14/(-105) + 574/30?
9
Let y(h) = 2*h**3 + h**2 - h - 2. Let q be y(-2). Let k(v) = v**2 + 11*v + 3. What is the tens digit of k(q)?
1
Suppose -5*o + 5*q = 35, 3*q + 0*q - 17 = o. Let j(f) be the first derivative of -3*f**2/2 - 2. What is the units digit of j(o)?
6
Let n(u) = -2*u - 3 - 4*u + 2*u. Let b be n(-2). Suppose -34 = 3*h - b*h. What is the units digit of h?
7
Suppose -2*o - 88 = -4*q + 12, -2*o + 82 = 3*q. What is the tens digit of q?
2
Let w be ((-3)/(-1))/(2/(-30)). What is the tens digit of 1/(1 + 42/w)?
1
Let w = 74 + -39. What is the tens digit of w?
3
Suppose -13*y + 5*y + 16 = 0. What is the units digit of y?
2
Suppose 2*w = 5*w - 534. What is the tens digit of w?
7
Let u = -2 - -2. Suppose 5*c + 0*c - 10 = u. Suppose -2*g = 3*g - x - 9, 2*g - 10 = c*x. What is the units digit of g?
1
Let w(s) be the third derivative of s**4/24 + s**3/6 + 4*s**2. What is the units digit of w(9)?
0
Let q = 15 - 11. Suppose -q*k + 3*k = -12. What is the tens digit of k?
1
What is the units digit of (1 - 4/12)*12?
8
Let o(u) = u**3 - 10*u**2 + 3*u - 8. What is the tens digit of o(10)?
2
Let w(q) = -q**2 - q + 37. Let s(t) = t**3 + 6*t**2 - 6*t + 7. Let l be s(-7). What is the units digit of w(l)?
7
Let w(l) = l + 4. Let q be w(-4). Suppose -2*b - 20 + 48 = q. What is the tens digit of b?
1
Let p = 17 + -4. Suppose 2*u + 5*g + 1 = p, 24 = 4*u - 5*g. What is the units digit of u?
6
Let z = 20 + -14. What is the units digit of z?
6
Let r be 4 - (-2 - -1) - 0. Suppose -r*q = -23 - 27. What is the units digit of q?
0
Let t(o) = -o**2 - 5*o + 7. Let i(h) = h**2 + 4*h - 6. Let f be i(-4). What is the units digit of t(f)?
1
Let j(r) = 75*r + 12. What is the tens digit of j(2)?
6
Let j be (-4)/22 - 36/44. What is the tens digit of 1/j + 12 + 1?
1
Suppose -6*p + 2*p = -16. Suppose p = r - 2. What is the units digit of (3/r)/((-1)/(-10))?
5
Let b(c) = -c - 7. What is the units digit of b(-8)?
1
Let q be (-6)/4*20/(-6). Suppose 3*y - 40 = 4*m, -5*m + 8 + 47 = q*y. What is the tens digit of y?
1
Let n(x) = -2*x**3 - 4*x**2 - 4*x + 1. Let z be n(-4). Suppose z = 5*r + 1. What is the units digit of r?
6
Let q = 100 + -25. What is the tens digit of q*(-2 - 21/(-9))?
2
Suppose 5*r + 15 = 0, -19 = -4*p + 3*r - 6*r. Let d(t) be the third derivative of -t**5/60 + 3*t**4/8 - 5*t**3/3 - 2*t**2. What is the units digit of d(p)?
4
Suppose -5*r - 1 - 9 = 0. What is the units digit of 11 - -2*3/r?
8
Suppose -5*g + 10*y - 5*y + 25 = 0, -y - 15 = -3*g. Suppose -6*a + g*a = -25. What is the units digit of a?
5
Suppose 0 = 3*n + y + 7, 3*y - 2*y - 1 = -n. What is the tens digit of (-69)/(-6) + 6/n?
1
Let q = -11 - -15. What is the units digit of q?
4
Let d = 8 + -8. Suppose -b - 3*s - 11 = d, 2*s - 25 = -5*b + 3*s. What is the units digit of b?
4
What is the tens digit of ((-9)/(-12))/(5/(-1080)*-3)?
5
Let y be 2*(1 - 0)/1. Suppose z + 9 = -4*z - 4*x, y*z - x = -14. Let i = z - -13. What is the units digit of i?
8
Let i(n) = -n**3 + 8*n**2 + 9*n + 3. What is the units digit of i(9)?
3
Suppose 0 = 4*d + 4*g - 12, -5*d + 5*g + 5 = -0*g. Suppose 20 = 4*i, -5*r - d*i + i = -25. Suppose r = h + 1. What is the units digit of h?
3
Let h = 79 - -83. What is the units digit of h?
2
Let z(o) = o**2 - 7*o + 7. What is the units digit of z(7)?
7
Suppose -511 + 2831 = 20*t. What is the hundreds digit of t?
1
Suppose 3*v = -69 + 294. What is the tens digit of v?
7
Suppose 114 = 9*y - 6*y. What is the units digit of y?
8
Let n(u) = -u**3 - 4*u**2 + 10*u - 25. Let d be n(-6). Suppose -2*v = -3*v + 32. Let b = d + v. What is the tens digit of b?
1
What is the units digit of 1/3 - 68*(-5)/6?
7
Suppose 0 = -a - 1, -16 = 5*o + a - 0*a. Let u(n) = -2*n - 4. Let y be u(o). Suppose y*i = -2*l + 6, -8 = -l - 2*l - 2*i. What is the units digit of l?
2
Suppose -3*p - 5*q = 7, -2*q - 2*q = 2*p + 8. Suppose 0 = 4*s - 3*s - 3*j - 10, -3*s = -j - 6. What is the units digit of -1*p/(s + -2)?
6
Suppose -3*d + i = 72, -78 = 3*d - 2*i + 3*i. What is the units digit of (2 - 1)/((-1)/d)?
5
Let y(g) = -g**3 - g - 1. Let d(x) = 2*x**3 - 8*x**2 + 2*x - 4. Let i(p) = d(p) + 3*y(p). Let t be i(-8). What is the units digit of (-2 + t)*(-3 + -17)?
0
Suppose 6*d + 2 = 5*d. What is the units digit of d + (0 - 0) - -3?
1
Let l(c) = 103*c**3 + c**2 - 2*c + 1. What is the units digit of l(1)?
3
What is the units digit of -4*(-10)/4 + 2*-1?
8
Let j be 4/(5/(15/6)). Suppose -j*r + 0*r = -6. Suppose -4 = -3*a - 5*d + r, -a = -d - 13. What is the units digit of a?
9
Let n be ((-10)/5)/(3 - 1). Let b(s) = -14*s - 1. What is the tens digit of b(n)?
1
Let y(f) = -f**2 + 7*f - 7. Let c be y(6). Let b be -1*(-1 - (c + 15)). Suppose 3*h = -2*h + b. What is the units digit of h?
3
Suppose 4*i - 7*i + 279 = -2*g, 176 = 2*i + 2*g. What is the units digit of i?
1
Let f(p) = 2*p - 7. Suppose 2*k = -3*k + 30. Let b be f(k). Suppose -l = -b*x + 3*x - 19, -2*l + 23 = -x. What is the units digit of l?
9
Let z = 3 - 1. Let q = 25 + z. What is the tens digit of q?
2
Let g = 5 + 4. Let d = -1 + 1. Let v = g + d. What is the units digit of v?
9
Let a be 1 + -4 - 1 - -2. Let x(s) = s - 1. Let w(c) = 7. Let u(p) = -w(p) - 4*x(p). What is the units digit of u(a)?
5
Suppose -3 + 1 = k. Let c(v) = v**2 + 12*v + 13. Let g be c(-11). Let w = g - k. What is the units digit of w?
4
Let h(q) be the first derivative of q**4/4 + 5*q**3/3 + 3*q**2/2 - 3*q - 1. What is the units digit of h(-4)?
1
Suppose 13 + 47 = 5*v. What is the units digit of v?
2
Let z = -71 - -128. What is the units digit of z?
7
Suppose 19 = -3*d + 64. What is the units digit of d?
5
Let x(q) = -q + 4. Let w be x(7). Let f = w - -6. What is the units digit of f/(-12) - 18/(-8)?
2
Let m(t) = t + 11. Let g be m(-6). Let i(u) = 2*u + 1. What is the units digit of i(g)?
1
Suppose 4 = 2*a, 5*r - 3*a - 164 = -0*r. What is the tens digit of r?
3
Let a be (-15)/(-2) - 1/(-2). Suppose -3*y - y = -a. Suppose 25 = 7*m - y*m. What is the units digit of m?
5
Let c(n) = n**2 - 4*n + 2. Let x be c(4). What is the units digit of -4*(x + -3 + -2)?
2
Let p(s) = -3*s**3 + 8*s**3 - 4*s**2 + 3*s**2 + 9*s**3 + 1. What is the tens digit of p(1)?
1
Let y = -3 + 8. Suppose 11 + 19 = y*g. What is the units digit of -11*-2*3/g?
1
What is the units digit of (13/(-4))/(3 + (-244)/80)?
5
Let p = 1 - -4. Suppose -p*d + 19 = 4*j - 6, 5*j + 5*d - 30 = 0. What is the units digit of j?
5
Let u be -1 + (-6)/(-2) + 2. Let t(b) = -b - 1. Let h be t(u). What is the units digit of 3/h*(-15 + 0)?
9
Suppose 5*o - j = 4*j + 995, -203 = -o - 3*j. What is